{"id":305,"date":"2021-04-18T00:15:39","date_gmt":"2021-04-17T22:15:39","guid":{"rendered":"http:\/\/agence-creation-site-internet-e-commerce-web-savoie.com\/?page_id=305"},"modified":"2021-07-02T17:47:16","modified_gmt":"2021-07-02T15:47:16","slug":"qui-sommes-nous","status":"publish","type":"page","link":"https:\/\/agence-creation-site-internet-e-commerce-web-savoie.com\/index.php\/qui-sommes-nous\/","title":{"rendered":"Qui sommes-nous ?"},"content":{"rendered":"\n<h1 class=\"wp-block-heading\">Cr\u00e9ation&nbsp;de&nbsp;sites internet en Savoie et&nbsp;cr\u00e9ation de solutions web professionnelles.&nbsp;<\/h1>\n\n\n\n<blockquote class=\"wp-block-quote is-layout-flow wp-block-quote-is-layout-flow\"><p><strong>Airm\u00e8s\u00a0<\/strong>est une agence\u00a0de <strong>Communication<\/strong> g\u00e9n\u00e9raliste de <strong>Conseils &amp; Web Strat\u00e9gie<\/strong>  et plus particuli\u00e8rement en strat\u00e9gie digitale, cr\u00e9\u00e9e en 2006. Nous nous attachons \u00e0 analyser les demandes de nos clients simples ou complexes et \u00e0 leur apporter les r\u00e9ponses les plus compl\u00e8tes et personnalis\u00e9es possibles.\u00a0<\/p><p>Bien plus qu&rsquo;une agence de communication ou une agence web classique,\u00a0<strong>Airm\u00e8s Communication\u00a0<\/strong>s&rsquo;engage s&rsquo;implique de mani\u00e8re totale aupr\u00e8s de ses clients, afin de leur apporter la pertinence et le soin n\u00e9cessaires \u00e0 la bonne culture de leur image, tout en privil\u00e9giant l&rsquo;efficacit\u00e9 des canaux de ventes.<\/p><p>Nous\u00a0consid\u00e9rons cet engagement r\u00e9ciproque comme un v\u00e9ritable pacte vers la r\u00e9ussite de votre entreprise.<\/p><\/blockquote>\n\n\n\n<h1 class=\"wp-block-heading\">Un accompagnement professionnel et humain pour l&rsquo;ensemble de votre communication de la cr\u00e9ation de votre identit\u00e9 graphique &#8230; \u00e0 la&nbsp;r\u00e9alisation de votre site et sa maintenance&#8230;<\/h1>\n\n\n\n<blockquote class=\"wp-block-quote is-layout-flow wp-block-quote-is-layout-flow\"><p><br>Nous souhaitons \u00eatre pr\u00e9sents \u00e0 vos c\u00f4t\u00e9s, \u00e0 votre \u00e9coute pour vous accompagner durant toute notre mission. R\u00e9pondre \u00e0 vos questions techniques,&nbsp;vous aider \u00e0 comprendre les grands enjeux d&rsquo;une communication r\u00e9ussie, ne jamais vous laissez seul devant une probl\u00e9matique que vous ne ma\u00eetrisez pas.<\/p><p>Ce sont les engagements qui nous incombent&nbsp;aupr\u00e8s de&nbsp;nos clients et&nbsp;impos\u00e9s par les nouvelles technologies.<\/p><\/blockquote>\n","protected":false},"excerpt":{"rendered":"<p>Cr\u00e9ation&nbsp;de&nbsp;sites internet en Savoie et&nbsp;cr\u00e9ation de solutions web professionnelles.&nbsp; Airm\u00e8s\u00a0est une agence\u00a0de Communication g\u00e9n\u00e9raliste de Conseils &amp; Web Strat\u00e9gie et plus particuli\u00e8rement en strat\u00e9gie digitale, cr\u00e9\u00e9e en 2006. Nous nous attachons \u00e0 analyser les demandes de nos clients simples ou complexes et \u00e0 leur apporter les r\u00e9ponses les plus compl\u00e8tes et personnalis\u00e9es possibles.\u00a0 Bien plus [&hellip;]<\/p>\n","protected":false},"author":1,"featured_media":0,"parent":0,"menu_order":0,"comment_status":"closed","ping_status":"closed","template":"","meta":{"footnotes":""},"class_list":["post-305","page","type-page","status-publish","hentry"],"yoast_head":"<!-- This site is optimized with the Yoast SEO plugin v26.6 - https:\/\/yoast.com\/wordpress\/plugins\/seo\/ -->\n<title>Qui sommes-nous ? - Agence de Communication et web 360 en Savoie<\/title>\n<meta name=\"robots\" content=\"index, follow, max-snippet:-1, max-image-preview:large, max-video-preview:-1\" \/>\n<link rel=\"canonical\" href=\"https:\/\/agence-creation-site-internet-e-commerce-web-savoie.com\/index.php\/qui-sommes-nous\/\" \/>\n<meta property=\"og:locale\" content=\"fr_FR\" \/>\n<meta property=\"og:type\" content=\"article\" \/>\n<meta property=\"og:title\" content=\"Qui sommes-nous ? - Agence de Communication et web 360 en Savoie\" \/>\n<meta property=\"og:description\" content=\"Cr\u00e9ation&nbsp;de&nbsp;sites internet en Savoie et&nbsp;cr\u00e9ation de solutions web professionnelles.&nbsp; Airm\u00e8s\u00a0est une agence\u00a0de Communication g\u00e9n\u00e9raliste de Conseils &amp; Web Strat\u00e9gie et plus particuli\u00e8rement en strat\u00e9gie digitale, cr\u00e9\u00e9e en 2006. Nous nous attachons \u00e0 analyser les demandes de nos clients simples ou complexes et \u00e0 leur apporter les r\u00e9ponses les plus compl\u00e8tes et personnalis\u00e9es possibles.\u00a0 Bien plus [&hellip;]\" \/>\n<meta property=\"og:url\" content=\"https:\/\/agence-creation-site-internet-e-commerce-web-savoie.com\/index.php\/qui-sommes-nous\/\" \/>\n<meta property=\"og:site_name\" content=\"Agence de Communication et web 360 en Savoie\" \/>\n<meta property=\"article:publisher\" content=\"https:\/\/www.facebook.com\/Airmescom\" \/>\n<meta property=\"article:modified_time\" content=\"2021-07-02T15:47:16+00:00\" \/>\n<meta name=\"twitter:card\" content=\"summary_large_image\" \/>\n<meta name=\"twitter:site\" content=\"@airmescom\" \/>\n<meta name=\"twitter:label1\" content=\"Dur\u00e9e de lecture estim\u00e9e\" \/>\n\t<meta name=\"twitter:data1\" content=\"1 minute\" \/>\n<script type=\"application\/ld+json\" class=\"yoast-schema-graph\">{\"@context\":\"https:\/\/schema.org\",\"@graph\":[{\"@type\":\"WebPage\",\"@id\":\"https:\/\/agence-creation-site-internet-e-commerce-web-savoie.com\/index.php\/qui-sommes-nous\/\",\"url\":\"https:\/\/agence-creation-site-internet-e-commerce-web-savoie.com\/index.php\/qui-sommes-nous\/\",\"name\":\"Qui sommes-nous ? - Agence de Communication et web 360 en Savoie\",\"isPartOf\":{\"@id\":\"https:\/\/agence-creation-site-internet-e-commerce-web-savoie.com\/#website\"},\"datePublished\":\"2021-04-17T22:15:39+00:00\",\"dateModified\":\"2021-07-02T15:47:16+00:00\",\"breadcrumb\":{\"@id\":\"https:\/\/agence-creation-site-internet-e-commerce-web-savoie.com\/index.php\/qui-sommes-nous\/#breadcrumb\"},\"inLanguage\":\"fr-FR\",\"potentialAction\":[{\"@type\":\"ReadAction\",\"target\":[\"https:\/\/agence-creation-site-internet-e-commerce-web-savoie.com\/index.php\/qui-sommes-nous\/\"]}]},{\"@type\":\"BreadcrumbList\",\"@id\":\"https:\/\/agence-creation-site-internet-e-commerce-web-savoie.com\/index.php\/qui-sommes-nous\/#breadcrumb\",\"itemListElement\":[{\"@type\":\"ListItem\",\"position\":1,\"name\":\"Accueil\",\"item\":\"https:\/\/agence-creation-site-internet-e-commerce-web-savoie.com\/\"},{\"@type\":\"ListItem\",\"position\":2,\"name\":\"Qui sommes-nous ?\"}]},{\"@type\":\"WebSite\",\"@id\":\"https:\/\/agence-creation-site-internet-e-commerce-web-savoie.com\/#website\",\"url\":\"https:\/\/agence-creation-site-internet-e-commerce-web-savoie.com\/\",\"name\":\"Agence de Communication et web 360 en Savoie\",\"description\":\"Airm\u00e8s est une agence de communication 360 en strat\u00e9gies web, r\u00e9f\u00e9rencements et print pour tous vos projets publicitaires ou de communication.\",\"publisher\":{\"@id\":\"https:\/\/agence-creation-site-internet-e-commerce-web-savoie.com\/#organization\"},\"potentialAction\":[{\"@type\":\"SearchAction\",\"target\":{\"@type\":\"EntryPoint\",\"urlTemplate\":\"https:\/\/agence-creation-site-internet-e-commerce-web-savoie.com\/?s={search_term_string}\"},\"query-input\":{\"@type\":\"PropertyValueSpecification\",\"valueRequired\":true,\"valueName\":\"search_term_string\"}}],\"inLanguage\":\"fr-FR\"},{\"@type\":\"Organization\",\"@id\":\"https:\/\/agence-creation-site-internet-e-commerce-web-savoie.com\/#organization\",\"name\":\"Airm\u00e8s Communication conseils & Webstrat\u00e9gies\",\"url\":\"https:\/\/agence-creation-site-internet-e-commerce-web-savoie.com\/\",\"logo\":{\"@type\":\"ImageObject\",\"inLanguage\":\"fr-FR\",\"@id\":\"https:\/\/agence-creation-site-internet-e-commerce-web-savoie.com\/#\/schema\/logo\/image\/\",\"url\":\"http:\/\/agence-creation-site-internet-e-commerce-web-savoie.com\/wp-content\/uploads\/2022\/12\/LOGO-ENTETE-AIRMES-2021-avec-slogan-V2.jpg\",\"contentUrl\":\"http:\/\/agence-creation-site-internet-e-commerce-web-savoie.com\/wp-content\/uploads\/2022\/12\/LOGO-ENTETE-AIRMES-2021-avec-slogan-V2.jpg\",\"width\":2127,\"height\":2151,\"caption\":\"Airm\u00e8s Communication conseils & Webstrat\u00e9gies\"},\"image\":{\"@id\":\"https:\/\/agence-creation-site-internet-e-commerce-web-savoie.com\/#\/schema\/logo\/image\/\"},\"sameAs\":[\"https:\/\/www.facebook.com\/Airmescom\",\"https:\/\/x.com\/airmescom\"]}]}<\/script>\n<!-- \/ Yoast SEO plugin. -->","yoast_head_json":{"title":"Qui sommes-nous ? - Agence de Communication et web 360 en Savoie","robots":{"index":"index","follow":"follow","max-snippet":"max-snippet:-1","max-image-preview":"max-image-preview:large","max-video-preview":"max-video-preview:-1"},"canonical":"https:\/\/agence-creation-site-internet-e-commerce-web-savoie.com\/index.php\/qui-sommes-nous\/","og_locale":"fr_FR","og_type":"article","og_title":"Qui sommes-nous ? - Agence de Communication et web 360 en Savoie","og_description":"Cr\u00e9ation&nbsp;de&nbsp;sites internet en Savoie et&nbsp;cr\u00e9ation de solutions web professionnelles.&nbsp; Airm\u00e8s\u00a0est une agence\u00a0de Communication g\u00e9n\u00e9raliste de Conseils &amp; Web Strat\u00e9gie et plus particuli\u00e8rement en strat\u00e9gie digitale, cr\u00e9\u00e9e en 2006. Nous nous attachons \u00e0 analyser les demandes de nos clients simples ou complexes et \u00e0 leur apporter les r\u00e9ponses les plus compl\u00e8tes et personnalis\u00e9es possibles.\u00a0 Bien plus [&hellip;]","og_url":"https:\/\/agence-creation-site-internet-e-commerce-web-savoie.com\/index.php\/qui-sommes-nous\/","og_site_name":"Agence de Communication et web 360 en Savoie","article_publisher":"https:\/\/www.facebook.com\/Airmescom","article_modified_time":"2021-07-02T15:47:16+00:00","twitter_card":"summary_large_image","twitter_site":"@airmescom","twitter_misc":{"Dur\u00e9e de lecture estim\u00e9e":"1 minute"},"schema":{"@context":"https:\/\/schema.org","@graph":[{"@type":"WebPage","@id":"https:\/\/agence-creation-site-internet-e-commerce-web-savoie.com\/index.php\/qui-sommes-nous\/","url":"https:\/\/agence-creation-site-internet-e-commerce-web-savoie.com\/index.php\/qui-sommes-nous\/","name":"Qui sommes-nous ? - Agence de Communication et web 360 en Savoie","isPartOf":{"@id":"https:\/\/agence-creation-site-internet-e-commerce-web-savoie.com\/#website"},"datePublished":"2021-04-17T22:15:39+00:00","dateModified":"2021-07-02T15:47:16+00:00","breadcrumb":{"@id":"https:\/\/agence-creation-site-internet-e-commerce-web-savoie.com\/index.php\/qui-sommes-nous\/#breadcrumb"},"inLanguage":"fr-FR","potentialAction":[{"@type":"ReadAction","target":["https:\/\/agence-creation-site-internet-e-commerce-web-savoie.com\/index.php\/qui-sommes-nous\/"]}]},{"@type":"BreadcrumbList","@id":"https:\/\/agence-creation-site-internet-e-commerce-web-savoie.com\/index.php\/qui-sommes-nous\/#breadcrumb","itemListElement":[{"@type":"ListItem","position":1,"name":"Accueil","item":"https:\/\/agence-creation-site-internet-e-commerce-web-savoie.com\/"},{"@type":"ListItem","position":2,"name":"Qui sommes-nous ?"}]},{"@type":"WebSite","@id":"https:\/\/agence-creation-site-internet-e-commerce-web-savoie.com\/#website","url":"https:\/\/agence-creation-site-internet-e-commerce-web-savoie.com\/","name":"Agence de Communication et web 360 en Savoie","description":"Airm\u00e8s est une agence de communication 360 en strat\u00e9gies web, r\u00e9f\u00e9rencements et print pour tous vos projets publicitaires ou de communication.","publisher":{"@id":"https:\/\/agence-creation-site-internet-e-commerce-web-savoie.com\/#organization"},"potentialAction":[{"@type":"SearchAction","target":{"@type":"EntryPoint","urlTemplate":"https:\/\/agence-creation-site-internet-e-commerce-web-savoie.com\/?s={search_term_string}"},"query-input":{"@type":"PropertyValueSpecification","valueRequired":true,"valueName":"search_term_string"}}],"inLanguage":"fr-FR"},{"@type":"Organization","@id":"https:\/\/agence-creation-site-internet-e-commerce-web-savoie.com\/#organization","name":"Airm\u00e8s Communication conseils & Webstrat\u00e9gies","url":"https:\/\/agence-creation-site-internet-e-commerce-web-savoie.com\/","logo":{"@type":"ImageObject","inLanguage":"fr-FR","@id":"https:\/\/agence-creation-site-internet-e-commerce-web-savoie.com\/#\/schema\/logo\/image\/","url":"http:\/\/agence-creation-site-internet-e-commerce-web-savoie.com\/wp-content\/uploads\/2022\/12\/LOGO-ENTETE-AIRMES-2021-avec-slogan-V2.jpg","contentUrl":"http:\/\/agence-creation-site-internet-e-commerce-web-savoie.com\/wp-content\/uploads\/2022\/12\/LOGO-ENTETE-AIRMES-2021-avec-slogan-V2.jpg","width":2127,"height":2151,"caption":"Airm\u00e8s Communication conseils & Webstrat\u00e9gies"},"image":{"@id":"https:\/\/agence-creation-site-internet-e-commerce-web-savoie.com\/#\/schema\/logo\/image\/"},"sameAs":["https:\/\/www.facebook.com\/Airmescom","https:\/\/x.com\/airmescom"]}]}},"_links":{"self":[{"href":"https:\/\/agence-creation-site-internet-e-commerce-web-savoie.com\/index.php\/wp-json\/wp\/v2\/pages\/305","targetHints":{"allow":["GET"]}}],"collection":[{"href":"https:\/\/agence-creation-site-internet-e-commerce-web-savoie.com\/index.php\/wp-json\/wp\/v2\/pages"}],"about":[{"href":"https:\/\/agence-creation-site-internet-e-commerce-web-savoie.com\/index.php\/wp-json\/wp\/v2\/types\/page"}],"author":[{"embeddable":true,"href":"https:\/\/agence-creation-site-internet-e-commerce-web-savoie.com\/index.php\/wp-json\/wp\/v2\/users\/1"}],"replies":[{"embeddable":true,"href":"https:\/\/agence-creation-site-internet-e-commerce-web-savoie.com\/index.php\/wp-json\/wp\/v2\/comments?post=305"}],"version-history":[{"count":3,"href":"https:\/\/agence-creation-site-internet-e-commerce-web-savoie.com\/index.php\/wp-json\/wp\/v2\/pages\/305\/revisions"}],"predecessor-version":[{"id":368,"href":"https:\/\/agence-creation-site-internet-e-commerce-web-savoie.com\/index.php\/wp-json\/wp\/v2\/pages\/305\/revisions\/368"}],"wp:attachment":[{"href":"https:\/\/agence-creation-site-internet-e-commerce-web-savoie.com\/index.php\/wp-json\/wp\/v2\/media?parent=305"}],"curies":[{"name":"wp","href":"https:\/\/api.w.org\/{rel}","templated":true}]}}